{"id":28,"date":"2020-03-30T14:07:35","date_gmt":"2020-03-30T14:07:35","guid":{"rendered":"http:\/\/sites.mmm.ehb.be\/bulletin\/?page_id=28"},"modified":"2020-06-19T10:28:33","modified_gmt":"2020-06-19T10:28:33","slug":"over","status":"publish","type":"page","link":"https:\/\/sites.mm.ehb.be\/bulletin\/over\/","title":{"rendered":"Over"},"content":{"rendered":"\n<h3 class=\"wp-block-heading\">TRM studenten tijdens de corona lockdown<\/h3>\n\n\n\n<h4 class=\"wp-block-heading\">16\/03\/2020 &#8211; 19\/06\/2020<\/h4>\n\n\n\n<p>Op 12\/3\/2020 ging de&nbsp;lockdown&nbsp;van start die ook de toeristische en recreatieve sector zwaar trof.&nbsp;Het Creative Lab werd opgestart door de docenten van de opleiding Toerisme-en Recreatie Management van de Erasmus Hogeschool Brussel. Dit project gaf de studenten , die hun oorspronkelijke stage niet konden afleggen ten gevolge van COVID-19, de kans om toch werkervaringen op te doen.&nbsp;<\/p>\n\n\n\n<p>Het Creative Lab bestond uit een Directie, Projectleiders, Teams en co\u00f6rdinatoren. Studenten konden zelfs bij een HR-manager solliciteren voor een rol.&nbsp;<\/p>\n\n\n\n<p>In een eerste fase werd het platform TRM Bulletin opgestart. De bedoeling was om de impact van Covid-19 op de sector in kaart te brengen.&nbsp;<\/p>\n\n\n\n<p>In een tweede fase werd een dienst in het leven geroepen met als doel toeristische en recreatieve bedrijven te ondersteunen bij de uitrol van hun activiteiten in een verdere fase.&nbsp;<\/p>\n\n\n\n<p>Binnen de hub Ondersteunende Diensten namen de studenten contact op met de bedrijven om hun behoeften in kaart te brengen en de opdracht te concretiseren. Om de dienstverlening zo gericht mogelijk te maken werd het Creative Lab opgesplitst in 6 verschillende hubs:&nbsp;&nbsp;<\/p>\n\n\n\n<div class=\"wp-block-group\"><div class=\"wp-block-group__inner-container is-layout-flow wp-block-group-is-layout-flow\">\n<ul class=\"wp-block-list\"><li>Lokale Initiatieven&nbsp;<\/li><li>Co-Creatie&nbsp;<\/li><li>Studio &amp; Cultuur&nbsp;<\/li><li>Transport&nbsp;<\/li><li>Ondersteunende Diensten&nbsp;<\/li><li>Research &amp; Development&nbsp;<\/li><\/ul>\n<\/div><\/div>\n\n\n\n<p>Verder werkten de studenten aan persoverzichten, blogs en&nbsp;news&nbsp;flashes om de werknemers, werkgevers en de studenten op zoek naar werk in de toeristische wereld op de hoogte te houden van de situatie. Helaas kwam dit tot een einde op 19 juni 2020. Dit betekent dat op de bulletin vanaf dan geen&nbsp;posts&nbsp;meer verschijnen.&nbsp;<\/p>\n\n\n\n<p>Wel willen we dat het geleverde werk van de studenten niet verloren gaat. Daarom besloten we om dit alles zichtbaar te houden voor het publiek. Zo kan iedereen meelezen wat onze stage-ervaringen waren gedurende de Coronaperiode.\u00a0<\/p>\n\n\n\n<p>Ontdek <a href=\"https:\/\/www.youtube.com\/watch?v=_bo6cx6_AXM&amp;feature=youtu.be\">hier<\/a> onze ervaringen en de getuigenissen van onze opdrachtgevers.<\/p>\n\n\n\n<h3 class=\"wp-block-heading\">Bedrijfsorganisatie<\/h3>\n\n\n\n<h4 class=\"wp-block-heading\">Directie<\/h4>\n\n\n\n<p>Chris de Smedt<\/p>\n\n\n\n<ul class=\"wp-block-list\"><li>Algemeen co\u00f6rdinator <\/li><li>Projectleider Hub Lokale initiatieven<\/li><li>Projectleider Hub Co-creatie <\/li><\/ul>\n\n\n\n<p>Erik Happaerts <\/p>\n\n\n\n<ul class=\"wp-block-list\"><li>Technisch adviseur <\/li><li>Projectleider Hub Research &amp; Development<\/li><\/ul>\n\n\n\n<p>Eva de Smedt<\/p>\n\n\n\n<ul class=\"wp-block-list\"><li>Adviseur <\/li><li>Projectleider Hub studio.cult.bxl<\/li><\/ul>\n\n\n\n<p>Dieter Covent <\/p>\n\n\n\n<ul class=\"wp-block-list\"><li>HR-manager<\/li><li>Projectleider Hub Transport <\/li><\/ul>\n\n\n\n<p>Karen Sarens <\/p>\n\n\n\n<ul class=\"wp-block-list\"><li>Adviseur <\/li><li>Projectleider Hub Ondersteunende diensten<\/li><\/ul>\n\n\n\n<h4 class=\"wp-block-heading\">Co\u00f6rdinatoren<\/h4>\n\n\n\n<p><strong>Ondersteunende Diensten<\/strong><\/p>\n\n\n\n<ul class=\"wp-block-list\"><li>Emile Grosfeld<\/li><li>Marika Temmerman<\/li><\/ul>\n\n\n\n<p><strong>Co-creatie<\/strong><\/p>\n\n\n\n<ul class=\"wp-block-list\"><li>Bibi Bert<\/li><li>Fanny Druez<\/li><\/ul>\n\n\n\n<p><strong>studio.cult.bxl<\/strong><\/p>\n\n\n\n<ul class=\"wp-block-list\"><li>Marsissa Ghijselings <\/li><li>Sybren De Schrijver<\/li><\/ul>\n\n\n\n<p><strong>Lokale initiatieven <\/strong><\/p>\n\n\n\n<ul class=\"wp-block-list\"><li>Davy De Vleeschouwer<\/li><li>Lance Van den Driessche<\/li><\/ul>\n\n\n\n<p><strong>Transport <\/strong><\/p>\n\n\n\n<ul class=\"wp-block-list\"><li>Helena De Wilder<\/li><li>Luna Meert<\/li><\/ul>\n\n\n\n<p><strong>Research &amp; Development <\/strong><\/p>\n\n\n\n<ul class=\"wp-block-list\"><li>Ang\u00e9lique May del Villar<\/li><li>Naomi Feyters <\/li><\/ul>\n\n\n\n<h4 class=\"wp-block-heading\">Medewerkers<\/h4>\n\n\n\n<p><strong>Ondersteunende diensten<\/strong><\/p>\n\n\n\n<p>Chelsey Slegers &#8211; Githa de Jamblinne de Meux &#8211; Sarah Van Casteren &#8211; Seppe Peeters &#8211; Arno Janssens &#8211; Hadjiratou Bah &#8211; Bridey Waerzeggers &#8211; Cathy Vanloffelt &#8211; Celine Staessens &#8211; Phaidra D&#8217;Hayer &#8211; Aur\u00e9lie Spinette <\/p>\n\n\n\n<p><strong>Co-creatie<\/strong><\/p>\n\n\n\n<p>Jill Theunissen &#8211; Nikita Vanfroyenhoven &#8211; Rani Ocula &#8211; Carolien Lanssens &#8211; Insen De Backer &#8211; Luna Slaets &#8211; Luna Testaert &#8211; Moyra Desmedt &#8211; Dennis Cock <\/p>\n\n\n\n<p><strong>studio.cult.bxl<\/strong><\/p>\n\n\n\n<p>Emmy De Martelaere &#8211; Vera Bikineeva &#8211; Fr\u00e9 Vanhooren &#8211; Noor Boufaid -Clara Dansercoer &#8211; David Deweerdt &#8211; Linda Verbeke &#8211; Lore Li\u00e9geois &#8211; Yana Boonen &#8211; Lo\u00efc Gryspeirt &#8211; Cidjy Bouckaert <\/p>\n\n\n\n<p><strong>Lokale initiatieven<\/strong><\/p>\n\n\n\n<p>Eli De Ryck &#8211; Laura Aelbrecht &#8211; Sarah Heyse &#8211; Niels De Moor &#8211; Aliella Inyange &#8211; Aurore Rouer &#8211; Xhelina Kasaj &#8211; Kelly Ooms &#8211; Luna Fato &#8211; Barbara Laca Y Bilbao<\/p>\n\n\n\n<p><strong>Transport <\/strong><\/p>\n\n\n\n<p>Luna Coppens &#8211; Amber Kieckens &#8211; Bianca Neskens &#8211; Hannah Colman &#8211; Luan Nuschi &#8211; Ianka Gowie &#8211; Ibtissam El Jebari &#8211; Camille De Brabander &#8211; Dan Kipoy &#8211; Bente Van der Borght &#8211; Zo\u00e9 Desamblanx <\/p>\n\n\n\n<p><strong>Research &amp; Development  <\/strong><\/p>\n\n\n\n<p>Louise Gielen &#8211; Daphn\u00e9 Verbesselt &#8211; Hayk Sahakyan &#8211; Arne De Spiegeleer &#8211; Arno Van Laethem &#8211; Brian Cops &#8211; Claudia Gil &#8211; Justine Bauters &#8211; Lotte De Craeker &#8211; Annabelle De Vogelaer <\/p>\n","protected":false},"excerpt":{"rendered":"<p>TRM studenten tijdens de corona lockdown 16\/03\/2020 &#8211; 19\/06\/2020 Op 12\/3\/2020 ging de&nbsp;lockdown&nbsp;van start die ook de toeristische en recreatieve sector zwaar trof.&nbsp;Het Creative Lab werd opgestart door de docenten van de opleiding Toerisme-en Recreatie Management van de Erasmus Hogeschool Brussel. Dit project gaf de studenten , die hun oorspronkelijke stage niet konden afleggen ten [&hellip;]<\/p>\n","protected":false},"author":514,"featured_media":0,"parent":0,"menu_order":0,"comment_status":"closed","ping_status":"closed","template":"","meta":{"footnotes":""},"class_list":["post-28","page","type-page","status-publish","hentry"],"jetpack_sharing_enabled":true,"_links":{"self":[{"href":"https:\/\/sites.mm.ehb.be\/bulletin\/wp-json\/wp\/v2\/pages\/28","targetHints":{"allow":["GET"]}}],"collection":[{"href":"https:\/\/sites.mm.ehb.be\/bulletin\/wp-json\/wp\/v2\/pages"}],"about":[{"href":"https:\/\/sites.mm.ehb.be\/bulletin\/wp-json\/wp\/v2\/types\/page"}],"author":[{"embeddable":true,"href":"https:\/\/sites.mm.ehb.be\/bulletin\/wp-json\/wp\/v2\/users\/514"}],"replies":[{"embeddable":true,"href":"https:\/\/sites.mm.ehb.be\/bulletin\/wp-json\/wp\/v2\/comments?post=28"}],"version-history":[{"count":13,"href":"https:\/\/sites.mm.ehb.be\/bulletin\/wp-json\/wp\/v2\/pages\/28\/revisions"}],"predecessor-version":[{"id":1567,"href":"https:\/\/sites.mm.ehb.be\/bulletin\/wp-json\/wp\/v2\/pages\/28\/revisions\/1567"}],"wp:attachment":[{"href":"https:\/\/sites.mm.ehb.be\/bulletin\/wp-json\/wp\/v2\/media?parent=28"}],"curies":[{"name":"wp","href":"https:\/\/api.w.org\/{rel}","templated":true}]}}

<h3 class="wp-block-heading">TRM studenten tijdens de corona lockdown</h3>



<h4 class="wp-block-heading">16/03/2020 &#8211; 19/06/2020</h4>



<p>Op 12/3/2020 ging de&nbsp;lockdown&nbsp;van start die ook de toeristische en recreatieve sector zwaar trof.&nbsp;Het Creative Lab werd opgestart door de docenten van de opleiding Toerisme-en Recreatie Management van de Erasmus Hogeschool Brussel. Dit project gaf de studenten , die hun oorspronkelijke stage niet konden afleggen ten gevolge van COVID-19, de kans om toch werkervaringen op te doen.&nbsp;</p>



<p>Het Creative Lab bestond uit een Directie, Projectleiders, Teams en coördinatoren. Studenten konden zelfs bij een HR-manager solliciteren voor een rol.&nbsp;</p>



<p>In een eerste fase werd het platform TRM Bulletin opgestart. De bedoeling was om de impact van Covid-19 op de sector in kaart te brengen.&nbsp;</p>



<p>In een tweede fase werd een dienst in het leven geroepen met als doel toeristische en recreatieve bedrijven te ondersteunen bij de uitrol van hun activiteiten in een verdere fase.&nbsp;</p>



<p>Binnen de hub Ondersteunende Diensten namen de studenten contact op met de bedrijven om hun behoeften in kaart te brengen en de opdracht te concretiseren. Om de dienstverlening zo gericht mogelijk te maken werd het Creative Lab opgesplitst in 6 verschillende hubs:&nbsp;&nbsp;</p>



<div class="wp-block-group"><div class="wp-block-group__inner-container is-layout-flow wp-block-group-is-layout-flow">
<ul class="wp-block-list"><li>Lokale Initiatieven&nbsp;</li><li>Co-Creatie&nbsp;</li><li>Studio &amp; Cultuur&nbsp;</li><li>Transport&nbsp;</li><li>Ondersteunende Diensten&nbsp;</li><li>Research &amp; Development&nbsp;</li></ul>
</div></div>



<p>Verder werkten de studenten aan persoverzichten, blogs en&nbsp;news&nbsp;flashes om de werknemers, werkgevers en de studenten op zoek naar werk in de toeristische wereld op de hoogte te houden van de situatie. Helaas kwam dit tot een einde op 19 juni 2020. Dit betekent dat op de bulletin vanaf dan geen&nbsp;posts&nbsp;meer verschijnen.&nbsp;</p>



<p>Wel willen we dat het geleverde werk van de studenten niet verloren gaat. Daarom besloten we om dit alles zichtbaar te houden voor het publiek. Zo kan iedereen meelezen wat onze stage-ervaringen waren gedurende de Coronaperiode. </p>



<p>Ontdek <a href="https://www.youtube.com/watch?v=_bo6cx6_AXM&amp;feature=youtu.be">hier</a> onze ervaringen en de getuigenissen van onze opdrachtgevers.</p>



<h3 class="wp-block-heading">Bedrijfsorganisatie</h3>



<h4 class="wp-block-heading">Directie</h4>



<p>Chris de Smedt</p>



<ul class="wp-block-list"><li>Algemeen coördinator </li><li>Projectleider Hub Lokale initiatieven</li><li>Projectleider Hub Co-creatie </li></ul>



<p>Erik Happaerts </p>



<ul class="wp-block-list"><li>Technisch adviseur </li><li>Projectleider Hub Research &amp; Development</li></ul>



<p>Eva de Smedt</p>



<ul class="wp-block-list"><li>Adviseur </li><li>Projectleider Hub studio.cult.bxl</li></ul>



<p>Dieter Covent </p>



<ul class="wp-block-list"><li>HR-manager</li><li>Projectleider Hub Transport </li></ul>



<p>Karen Sarens </p>



<ul class="wp-block-list"><li>Adviseur </li><li>Projectleider Hub Ondersteunende diensten</li></ul>



<h4 class="wp-block-heading">Coördinatoren</h4>



<p><strong>Ondersteunende Diensten</strong></p>



<ul class="wp-block-list"><li>Emile Grosfeld</li><li>Marika Temmerman</li></ul>



<p><strong>Co-creatie</strong></p>



<ul class="wp-block-list"><li>Bibi Bert</li><li>Fanny Druez</li></ul>



<p><strong>studio.cult.bxl</strong></p>



<ul class="wp-block-list"><li>Marsissa Ghijselings </li><li>Sybren De Schrijver</li></ul>



<p><strong>Lokale initiatieven </strong></p>



<ul class="wp-block-list"><li>Davy De Vleeschouwer</li><li>Lance Van den Driessche</li></ul>



<p><strong>Transport </strong></p>



<ul class="wp-block-list"><li>Helena De Wilder</li><li>Luna Meert</li></ul>



<p><strong>Research &amp; Development </strong></p>



<ul class="wp-block-list"><li>Angélique May del Villar</li><li>Naomi Feyters </li></ul>



<h4 class="wp-block-heading">Medewerkers</h4>



<p><strong>Ondersteunende diensten</strong></p>



<p>Chelsey Slegers &#8211; Githa de Jamblinne de Meux &#8211; Sarah Van Casteren &#8211; Seppe Peeters &#8211; Arno Janssens &#8211; Hadjiratou Bah &#8211; Bridey Waerzeggers &#8211; Cathy Vanloffelt &#8211; Celine Staessens &#8211; Phaidra D&#8217;Hayer &#8211; Aurélie Spinette </p>



<p><strong>Co-creatie</strong></p>



<p>Jill Theunissen &#8211; Nikita Vanfroyenhoven &#8211; Rani Ocula &#8211; Carolien Lanssens &#8211; Insen De Backer &#8211; Luna Slaets &#8211; Luna Testaert &#8211; Moyra Desmedt &#8211; Dennis Cock </p>



<p><strong>studio.cult.bxl</strong></p>



<p>Emmy De Martelaere &#8211; Vera Bikineeva &#8211; Fré Vanhooren &#8211; Noor Boufaid -Clara Dansercoer &#8211; David Deweerdt &#8211; Linda Verbeke &#8211; Lore Liégeois &#8211; Yana Boonen &#8211; Loïc Gryspeirt &#8211; Cidjy Bouckaert </p>



<p><strong>Lokale initiatieven</strong></p>



<p>Eli De Ryck &#8211; Laura Aelbrecht &#8211; Sarah Heyse &#8211; Niels De Moor &#8211; Aliella Inyange &#8211; Aurore Rouer &#8211; Xhelina Kasaj &#8211; Kelly Ooms &#8211; Luna Fato &#8211; Barbara Laca Y Bilbao</p>



<p><strong>Transport </strong></p>



<p>Luna Coppens &#8211; Amber Kieckens &#8211; Bianca Neskens &#8211; Hannah Colman &#8211; Luan Nuschi &#8211; Ianka Gowie &#8211; Ibtissam El Jebari &#8211; Camille De Brabander &#8211; Dan Kipoy &#8211; Bente Van der Borght &#8211; Zoé Desamblanx </p>



<p><strong>Research &amp; Development  </strong></p>



<p>Louise Gielen &#8211; Daphné Verbesselt &#8211; Hayk Sahakyan &#8211; Arne De Spiegeleer &#8211; Arno Van Laethem &#8211; Brian Cops &#8211; Claudia Gil &#8211; Justine Bauters &#8211; Lotte De Craeker &#8211; Annabelle De Vogelaer </p>
